t b be m(7). Let g(u) = 6*u + 2. Determine g(b).
14
Let n(i) = 11*i + 41. Let g(u) = -5*u - 19. Let q = -3 + 12. Let y(b) = q*g(b) + 4*n(b). Give y(5).
-12
Let b(z) = z + 2 - 3 - 1. Let p(n) = n**2 - 19*n - 68. Let l be p(22). Give b(l).
-4
Let u(p) = 7*p**3 - p**2 + p - 1. Let z = -136 + 140. Let y be z - 7 - (-6*1 + 2). Calculate u(y).
6
Suppose 7*b + 84 = 98. Let g(s) = -320*s**2 - 320*s**2 + 2 - b*s + 637*s**2 + s**3. Determine g(3).
-4
Suppose -8*z = -0*z - 32. Suppose 0 = -z*s + 4*w + 20, -3*s - 5*w + 16 = -7. Let j(o) = -s + 43*o + 5 + 2*o**2 - 42*o. Calculate j(2).
9
Let j(w) be the first derivative of w**3/3 + w + 2808. Determine j(-2).
5
Let i(h) = -8*h**3 - 158*h**2 - 10*h + 19. Let k(g) = -42*g**3 - 809*g**2 - 51*g + 94. Let p(s) = 31*i(s) - 6*k(s). Determine p(11).
-19
Let k(s) = -7*s + 28. Let l be k(5). Let v(f) be the second derivative of -f**3/6 - 9*f**2/2 - 31*f. Determine v(l).
-2
Let b(f) = -f**2 + 17*f - 4. Let d be b(5). Suppose 8*n - 16*n + d = 0. Let l be (n + -1 + -4)/2. Let z(p) = -12*p**2 + 2*p - 1. Determine z(l).
-11
Let k(v) = -2*v + 111. Let h(b) = 6*b - 378. Let y(z) = 2*h(z) + 7*k(z). Determine y(20).
-19
Suppose 164*h = 168*h - 8. Let y(w) = w**h - 10 - 70*w + 33*w + 36*w. Give y(0).
-10
Let f(s) = 17*s**2 - s - 1. Let y = -4 - -6. Suppose 3*z - 24 = -5*k, 3*k - 28 = -4*z - 7. Suppose -n - k = y*n. What is f(n)?
17
Let u(r) = r**3 + 18*r**2 - r + 20. Let b be 18 + 3135/(-88) + (-3)/8. Give u(b).
38
Suppose -6*o = -3*o - 0*o. Suppose 54*b + 369 - 45 = o. Let y(z) = -8*z - 7. Give y(b).
41
Let m(f) = f. Let u(x) = -x - 5. Let o(t) = t**2 + 10*t + 10. Let y be o(-9). Let b(w) = y*u(w) - 2*m(w). Suppose h - 2 = -7. Determine b(h).
10
Let j(g) = g - 7 + 0 - 12 + 12 - 8. Suppose 0 = -3*l + r + 12, 0*l = 2*l - 4*r - 8. Let p = l + 3. Determine j(p).
-8
Let q(t) = 2*t**2 - 16*t - 8. Let x(r) = 433*r + 12133. Let g be x(-28). Calculate q(g).
10
Let y(u) = -u**3 - u + 1. Let l(q) = -3*q**2 + 17*q + 19. Let o be l(9). Let f = -69 - o. Calculate y(f).
-9
Let u(a) = -4*a**3 + 11*a**2 - a + 8. Let k(l) = 3*l**3 - 10*l**2 + l - 7. Let s(x) = -5*k(x) - 4*u(x). Let q = 40177 - 40183. Give s(q).
9
Let i be ((-153)/(-68))/((-1)/4)*(-6)/(-6). Let s(y) = -y**2 + 6*y - 9. Let w(o) = -6*o**2 + 29*o - 45. Let g(u) = 11*s(u) - 2*w(u). What is g(i)?
0
Let j(i) = -i**2 + 14*i + 97. Let v be j(19). Let f(s) = 3*s**2 + 44*s - 33*s - 4 - 10*s. Determine f(v).
10
Let o(z) = -6*z + 18*z + z**2 + z**2 + 6*z + 0*z**2 + 7. What is o(-8)?
-9
Let p(v) be the second derivative of v**5/20 + 7*v**4/12 - 4*v**3/3 + 5*v**2 - v. Let r be (56/(-49))/((-201)/(-1407)). What is p(r)?
10
Let u(h) = h**3 + 4*h**2 + 10*h + 9. Let p(t) = 491*t + 2943. Let k be p(-6). Give u(k).
-12
Let o(m) be the first derivative of -m**3/3 + 3*m**2/2 + 22*m - 2484. What is o(6)?
4
Let j = 69 - 58. Suppose -3*c - 4*s - j + 28 = 0, 3*s = 2*c. Let a(i) = -i**2 + 5*i + 53*i**3 + 1 - 3*i - 54*i**c. Determine a(-2).
1
Let y be (3/(-2))/(20/(-480)*-18). Let h(d) = -14 - d + 8 + 10. Determine h(y).
6
Let g(r) = -r**2 - 14*r - 29. Let y be g(-11). Let i be (-5 + 1)/y - 40/(-5). Let j(d) = 2*d - 1. Calculate j(i).
13
Suppose 29 + 109 = 50*s - 262. Let p(y) = -y**2 + 8*y - 3. Determine p(s).
-3
Let a(d) be the third derivative of -7*d**4/24 + d**3/6 + 271*d**2. Determine a(-9).
64
Let d = -10 - -17. Let s(c) be the third derivative of c**6/360 - c**5/120 + 7*c**4/4 + 2*c**2 - 71. Let p(y) be the second derivative of s(y). Determine p(d).
13
Let g(u) = -18*u + 39. Let a(k) = 6*k + 2. Let r(w) = -a(w) - g(w). What is r(3)?
-5
Suppose 5*l = -5*u + 10, 2*l - 4 = 8*u - 4*u. Let d(s) = -s**3 + 2*s**2 - s - 48. What is d(u)?
-48
Let v(l) = -31 + 23 - 6*l**3 + 11*l**2 - 3*l**2 + 0*l**2 - 2*l + 5*l**3. Let p(h) = -h**2 + 5*h + 1. Let m be p(3). Calculate v(m).
27
Let k = 10142 - 10151. Let f(c) = c**3 + 9*c**2 + 6*c - 10. What is f(k)?
-64
Let c(r) = 3*r - 37. Let d be c(12). Let y(z) = 11*z - 13. Let g(h) = 5*h - 6. Let i(t) = -13*g(t) + 6*y(t). Let k(x) = 2. Let o(p) = d*k(p) - i(p). Give o(-5).
3
Let y(n) = -n - 3. Let h(q) = q**3 + 12*q**2 + q + 5. Let l = -203 - -191. Let z be h(l). Determine y(z).
4
Suppose 4*j - 12*j + 8 = 0. Let u be (j/(-1)*-1)/(2/(-2)). Let m(h) = h. Let y(r) = -4*r + 1. Let c(o) = -6*m(o) - y(o). Give c(u).
1
Let a(s) = 2*s - 1. Let u(d) = d**3 - 2*d**2 + 7*d - 7. Let n be (-8)/7 + 301/49 + -6. Let h(w) = n*u(w) + 5*a(w). Determine h(3).
2
Let v(u) = -30 - 2*u + 126 - 22 - 79. Suppose 2*n + 2 + 12 = 0. Calculate v(n).
9
Let a(d) = 4. Let n(w) = -w**2 - 4. Let p(j) = -5*a(j) + n(j). What is p(0)?
-24
Suppose 0 = 2*n - 6 + 6. Suppose n = 6*y + y - 140. Let l(m) = -23*m - m**2 - 3 + y*m + 0*m**2. What is l(-6)?
-21
Let z(r) = -11*r**3 - 68*r**2 + 12*r - 6. Let a(j) = -4*j**3 - 26*j**2 + 4*j - 2. Let s(u) = -8*a(u) + 3*z(u). Determine s(4).
14
Let k = -84421 + 84420. Let b(w) be the third derivative of 13*w**5/30 - w**4/24 - w**2. Calculate b(k).
27
Let q(v) be the second derivative of 4*v - 3*v**2 - 1/12*v**4 + 5/3*v**3 - 5. What is q(7)?
15
Let o(b) = 96*b - 196*b - 3 - 2 - 1 + 99*b. Determine o(2).
-8
Let l(y) = -4*y**3 - 5*y**2 - 3*y. Suppose -4*v - v = 4*v + 27. Determine l(v).
72
Let s(r) be the first derivative of -90 + 13/3*r**3 - 1/4*r**4 + 15/2*r**2 - 7*r. What is s(14)?
7
Let y(p) = 6*p + 15. Let t be (-30 + 60)*4*(-15)/(-200). Calculate y(t).
69
Let c = 470 - 465. Let b(m) = 2*m - 5. Let a(g) = -g + 9. Let v(j) = 2*j - 19. Let p(q) = 13*a(q) + 6*v(q). Let n(r) = 2*b(r) + 5*p(r). Determine n(c).
0
Let k(x) = 27*x**2 - 13*x - 47. Let c(i) = 10*i**2 - 4*i - 16. Let d(w) = -11*c(w) + 4*k(w). Determine d(-5).
-22
Let c(l) = -9*l**2 + 2*l**3 - 8*l + 18 - 3 - l**3. Suppose -3*i - 5 = 16, o + 4*i + 18 = 0. What is c(o)?
35
Let h(c) = 3*c + 29. Suppose -38*l = 92 - 510. Suppose -4*k + v - 36 = l, -2*k - 2*v = 16. Give h(k).
-4
Let r(u) = 23*u + 31. Suppose -36*k - 96 - 120 = 0. Calculate r(k).
-107
Suppose -46*i = -523*i + 43*i + 3472. Let w(j) = 6*j**2 - 3*j + 10. Let a(s) = 7*s**2 - 2*s + 11. Let x(f) = 5*a(f) - 6*w(f). What is x(i)?
-5
Let t(h) = -95 - 6*h + 186 - 92. Let r(v) = -17*v - 4. Let b(c) = -2*r(c) + 7*t(c). What is b(1)?
-7
Suppose -2*n - 91 - 96 = -199. Let l(c) = c**2 - 39*c + 193. Give l(n).
-5
Let l(n) be the third derivative of 0 - 1/24*n**4 - 13/6*n**3 + 0*n - 132*n**2. Calculate l(-10).
-3
Suppose 59*c = 61*c + 286. Let j = c - -145. Let d(a) = -a**2. Calculate d(j).
-4
Let i(c) = -c**2 - 19*c - 47. Let l = 785 + -801. Determine i(l).
1
Let p(f) be the third derivative of 7/6*f**3 + 1/3*f**4 + 0*f - 4 - 4*f**2 + 1/60*f**5. Let m = 9 - 15. What is p(m)?
-5
Let z be 18/(-42) - (-3 + (-30)/21). Let y(d) = -10 + 31 - 8 - 14 + z*d. Give y(-2).
-9
Suppose 0 = 4*l - 2*d + 10, 205*l - 3*d = 210*l + 7. Let z(c) = -14*c + 16. Calculate z(l).
44
Let l(i) = 0 + 2*i + 11 + 20 - 3*i + 16 - 39. Let y = 6 - -4. Give l(y).
-2
Let m(s) = -s**2 - 21*s + 62. Let o be m(-23). Let r(q) = -o*q - 1 - 1 + 17*q - 1. Determine r(-3).
-6
Let m(q) = 2*q**2 - 3*q + 1. Suppose 22 = p - 3*d - 1, 0 = -4*p + 3*d + 38. Determine m(p).
36
Let o(i) = 71 + 3*i - 135 - 4*i + 12. Give o(-51).
-1
Let f(v) = -v + 19. Suppose -482 - 530 = -92*x. Determine f(x).
8
Let b be 11*8/32 + 27/(-36). Let j(z) = -10*z - 2 + 1 - 9*z. Calculate j(b).
-39
Let q = 19 - 17. Let a(c) = 110 - c**2 - 118 - c**3 - c + q*c**3. Suppose -2*y + y = 3*v + 1, 4*v - 3*y - 3 = 0. Determine a(v).
-8
Let u(c) = -4*c - 35. Suppose -25*p - 250 = -0*p. Calculate u(p).
5
Let r(q) = -q**3 + 8*q**2 + 12*q - 4. Let j(d) = -3*d**2. Let z(a) = j(a) - r(a). Determine z(12).
4
Let n(y) = -y**2 + 5*y + 4. Let z(c) = -108 + 48*c - 186 - 9*c + 101 + 11*c. Let p be z(4). What is n(p)?
-10
Let r(y) = -y - 7. Let u = -57 - -129. Let w = 66 - u. Calculate r(w).
-1
Suppose -3*d + 0 = -18. Suppose 4*z - 2 = d. Let a(i) = 9 + i - i - 3 - z*i. Calculate a(6).
-6
Let a(z) = -z**2 + 15*z - 13. Suppose 3145 = 10*f + 27*f. Let t be (3 - 57/5)*f/(-51). Give a(t).
1
Suppose 3 = -n - 131. Let t = n - -132. Let j(k) be the third derivative of k**6/40 + k**5/60 + k**4/8 + k**3/3 + 5*k**2. Calculate j(t).
-24
Suppose 4 = -2*u - 6, -25 = -c + 5*u. Let m(j) be the second derivative of -7/6*j**3 + 0*j**2 + 8*j + c. Give m(1).
-7
Let i(j) be the fi